, 1297853
What are the prime factors of 190750378?
2, 7, 13, 31, 33809
What are the prime factors of 314227762?
2, 17, 9241993
What are the prime factors of 770290091?
770290091
List the prime factors of 3463968691.
137, 25284443
List the prime factors of 467573583.
3, 29, 5374409
What are the prime factors of 14779142?
2, 7, 73, 14461
What are the prime factors of 178723911?
3, 7523, 7919
What are the prime factors of 37053022?
2, 149, 124339
List the prime factors of 152143039.
5471, 27809
List the prime factors of 244131690.
2, 3, 5, 11, 227, 3259
What are the prime factors of 1560730063?
167, 9345689
What are the prime factors of 82916680?
2, 5, 7, 11, 26921
List the prime factors of 687198096.
2, 3, 13, 67, 5479
What are the prime factors of 1274865002?
2, 19, 1765741
List the prime factors of 1045825268.
2, 59, 4431463
What are the prime factors of 1140355708?
2, 31, 71, 129527
What are the prime factors of 1749673018?
2, 271, 3228179
List the prime factors of 1895355816.
2, 3, 7043, 11213
List the prime factors of 2385575971.
2385575971
List the prime factors of 1966564848.
2, 3, 61, 337, 1993
What are the prime factors of 254932008?
2, 3, 10622167
What are the prime factors of 58225352?
2, 2341, 3109
List the prime factors of 1696801145.
5, 13, 317, 82349
List the prime factors of 12885834.
2, 3, 13, 165203
List the prime factors of 3817333536.
2, 3, 41, 969851
List the prime factors of 581266572.
2, 3, 48438881
List the prime factors of 3513059.
11, 389, 821
What are the prime factors of 229694037?
3, 487, 157217
List the prime factors of 966012726.
2, 3, 7, 17, 41, 32999
What are the prime factors of 607018985?
5, 2521, 48157
What are the prime factors of 8896623?
3, 2965541
What are the prime factors of 16362377?
199, 82223
What are the prime factors of 35247527?
7, 19, 31, 83, 103
List the prime factors of 69432258.
2, 3, 7, 1653149
What are the prime factors of 69366095?
5, 43, 322633
List the prime factors of 1453446098.
2, 13, 31, 349, 5167
What are the prime factors of 332830596?
2, 3, 7, 3962269
List the prime factors of 410913359.
4159, 98801
What are the prime factors of 20666450?
2, 5, 7, 137, 431
List the prime factors of 573176779.
7, 81882397
What are the prime factors of 166961729?
11, 29, 47581
What are the prime factors of 159850105?
5, 31, 1031291
What are the prime factors of 864260187?
3, 7, 839903
What are the prime factors of 222852152?
2, 23, 677, 1789
What are the prime factors of 386492026?
2, 193246013
List the prime factors of 52573876.
2, 13143469
List the prime factors of 2000299657.
109, 127, 229, 631
List the prime factors of 7114905209.
307, 23175587
List the prime factors of 148701515.
5, 263, 113081
What are the prime factors of 1181196?
2, 3, 10937
List the prime factors of 4209776409.
3, 31, 193, 234541
List the prime factors of 285979316.
2, 7, 67, 152441
List the prime factors of 19883936.
2, 181, 3433
List the prime factors of 21630139.
293, 73823
List the prime factors of 2143035.
3, 5, 47623
What are the prime factors of 72764663?
23, 3163681
What are the prime factors of 5324933?
5324933
List the prime factors of 12715799.
101, 125899
What are the prime factors of 225806888?
2, 227, 124343
List the prime factors of 7169698.
2, 23, 155863
What are the prime factors of 9960719?
9960719
List the prime factors of 2681685228.
2, 3, 59, 3787691
List the prime factors of 1380762911.
11, 125523901
List the prime factors of 345376162.
2, 173, 998197
What are the prime factors of 186277616?
2, 7, 53, 4483
List the prime factors of 1114217877.
3, 371405959
What are the prime factors of 176994814?
2, 563, 157189
What are the prime factors of 77839067?
19, 4096793
List the prime factors of 579188330.
2, 5, 7, 149, 7933
What are the prime factors of 5165500725?
3, 5, 7, 11, 298153
List the prime factors of 224126728.
2, 7, 4002263
What are the prime factors of 2810213520?
2, 3, 5, 11709223
List the prime factors of 3727581105.
3, 5, 248505407
List the prime factors of 778049645.
5, 2137, 72817
What are the prime factors of 123919697?
11, 29, 37, 10499
List the prime factors of 687026935.
5, 7, 19629341
List the prime factors of 45894422.
2, 7, 3278173
List the prime factors of 392381424.
2, 3, 73, 163, 229
What are the prime factors of 267186260?
2, 5, 11, 1214483
What are the prime factors of 384900218?
2, 3083, 62423
List the prime factors of 150804748.
2, 19, 37, 53629
What are the prime factors of 4685275395?
3, 5, 17, 6124543
List the prime factors of 18580375.
5, 11, 13513
What are the prime factors of 136623228?
2, 3, 7, 1626467
List the prime factors of 251025873.
3, 7, 43, 151, 263
What are the prime factors of 5702849109?
3, 37, 17125673
List the prime factors of 74813792.
2, 19, 123049
List the prime factors of 11989021.
11, 1039, 1049
List the prime factors of 345151482.
2, 3, 13, 4425019
List the prime factors of 4135341789.
3, 1733, 88379
What are the prime factors of 140287571?
140287571
What are the prime factors of 60251144?
2, 757, 9949
What are the prime factors of 2632404898?
2, 883, 1490603
What are the prime factors of 90117881?
7, 67, 192149
What are the prime factors of 1476090298?
2, 113, 6531373
What are the prime factors of 98937584?
2, 6183599
List the prime factors of 11302327.
11302327
List the prime factors of 675242483.
675242483
List the prime factors of 2765999879.
19, 145578941
What are the prime factors of 502192407?
3, 167397469
What are the prime factors of 463979815?
5, 13, 37, 192923
List the prime factors of 2746827.
3, 239, 1277
List the prime factors of 86409285.
3, 5, 5760619
List the prime factors of 135566088.
2, 3, 7, 806941
What are the prime factors of 12186792?
2, 3, 193, 877
List the prime factors of 52632267.
3, 541, 32429
List the prime factors of 87523261.
7, 31, 157, 367
List the prime factors of 289513214.
2, 144756607
List the prime factors of 1435937086.
2, 71, 2467, 4099
What are the prime factors of 61781743?
521, 118583
List the prime factors of 4129161012.
2, 3, 1283, 89399
List the prime factors of 529099909.
13, 31, 61, 21523
What are the prime factors of 326841422?
2, 17, 41, 234463
What are the prime factors of 77275329?
3, 25758443
List the prime factors of 706033960.
2, 5, 347, 50867
List the prime factors of 4122002881.
227, 1039, 17477
What are the prime factors of 1059246596?
2, 97, 2730017
What are the prime factors of 26069546?
2, 151, 86323
List the prime factors of 1281440312.
2, 751, 213289
List the prime factors of 492198601.
271, 1069, 1699
List the prime factors of 76154879.
31, 2456609
List the prime factors of 83777292.
2, 3, 17, 367, 373
What are the prime factors of 15870876?
2, 3, 7, 188939
List the prime factors of 163025037.
3, 7, 29, 89231
List the prime factors of 1480659455.
5, 11, 17, 19, 7577
List the prime factors of 4864664207.
13, 37, 10113647
What are the prime factors of 32288783?
151, 213833
What are the prime factors of 682865301?
3, 19, 191, 62723
List the prime factors of 47315619.
3, 13, 283, 1429
List the prime factors of 62019305.
5, 239, 51899
List the prime factors of 2114826.
2, 3, 7, 43, 1171
What are the prime factors of 1522379539?
283, 5379433
List the prime factors of 30397756.
2, 571, 13309
List the prime factors of 53211511.
43, 109, 11353
What are the prime factors of 139765442?
2, 29, 997, 2417
What are the prime factors of 248031553?
7, 11, 3221189
What are the prime factors of 1623497002?
2, 811748501
What are the prime factors of 11711645?
5, 11, 31, 6869
What are the prime factors of 6470775?
3, 5, 28759
What are the prime factors of 43407537?
3, 14469179
What are the prime factors of 456741839?
17, 26867167
What are the prime factors of 259628980?
2, 5, 13, 53, 83, 227
What are the prime factors of 59368941?
3, 6596549
What are the prime factors of 3712174168?
2, 10663, 43517
What are the prime factors of 60350311?
7, 757, 1627
List the prime factors of 115609257.
3, 167, 76919
List the prime factors of 5822309489.
71, 82004359
List the prime factors of 2229771771.
3, 19, 239, 54559
List the prime factors of 537840267.
3, 179280089
List the prime factors of 68887993.
67, 281, 3659
What are the prime factors of 3136704431?
7, 1597, 280589
List the prime factors of 278944674.
2, 3, 4649